8))?
1
Suppose -2*j = 2*p + 92, 30 = -2*j + 2*p - 46. Let d = j + 46. Suppose w = -2*w + d*v + 109, -5*w = 3*v - 230. What is the tens digit of w?
4
Let r be (4/2 + -1)/((-77)/385). Let g(v) = v**3 + 10*v**2 - 11*v. What is the tens digit of g(r)?
8
Let j(b) = -22*b + 7. Let w(c) = 21*c - 7. Let a(v) = -4*j(v) - 5*w(v). Let f be a(-3). Suppose 40 = z - f. What is the units digit of z?
8
Suppose 83 = -6*f + 641. Let l = -64 + f. What is the tens digit of l?
2
Let g(r) = 5*r**2 - 44*r - 1517. What is the thousands digit of g(-64)?
1
Let y be ((-98)/(-28))/((-12)/16 - -1). Suppose 0 = -y*t + 13595 + 12697. What is the tens digit of t?
7
Let j = 328 - 67. Let y = 1685 - j. What is the thousands digit of y?
1
Let s(k) = -24 - 216 - 4 + 84*k. What is the units digit of s(15)?
6
Let o(z) = -7*z + 35. Suppose -150 = 2*l - 164. Let x be o(l). Let a(t) = t**3 + 17*t**2 + 30*t + 32. What is the tens digit of a(x)?
0
Let t(w) = -74875*w**3 + 12*w**2 - 19*w - 30. What is the ten thousands digit of t(-1)?
7
Suppose 2*l + 160 = 4*r - 0*l, -207 = -5*r - l. Suppose 8*g - 79 = r. Suppose -y + 3 = -g. What is the units digit of y?
8
Let a(n) be the first derivative of n**2 - 20*n - 7. Let g be a(-3). Let r = g + 53. What is the tens digit of r?
2
Let d(g) = 94*g + 1. Let u(i) = 660*i + 6. Let y(s) = -45*d(s) + 6*u(s). What is the units digit of y(-1)?
1
What is the hundreds digit of (-18)/(-5)*15*(159 + (-1 - -1))?
5
Let l(z) = -15*z + 506. Let x be l(0). Suppose 7*u = 4*u - 3*s + 777, 2*u - s - x = 0. What is the hundreds digit of u?
2
Suppose 498*q - 1148208 = 479*q. What is the units digit of q?
2
Let v(c) = -6 + 0*c**2 + c**2 + 3*c**3 - 2*c**2. Let q(a) = -a**3 + 19*a**2 - 12*a + 232. Let i be q(19). What is the hundreds digit of v(i)?
1
Suppose 12330 = 3*u - 3*h - 42246, 0 = 2*u - 4*h - 36366. What is the units digit of u?
1
Let o be (45/12)/(3/860). Let f = -94 + o. What is the units digit of f?
1
Suppose 1131457 = 63*s - 19*s + 313101. What is the units digit of s?
9
Suppose 28*i = 12*i + 58*i - 750330. What is the units digit of i?
5
Suppose -1545108 = -255*m - 704986 + 736033. What is the units digit of m?
1
Let n(l) = l**2 + 53*l - 24. Let w be n(22). Let x = 2426 - w. What is the tens digit of x?
0
Let l be (18/(-30))/((-1)/10). Suppose l*k = 8*k + a - 170, 5*a = 4*k - 340. What is the units digit of k?
5
What is the hundreds digit of (45/18 - 2)*19426?
7
Suppose 820661 = 25*j + 282449 - 906738. What is the ten thousands digit of j?
5
Suppose 726*c + 12858 = 729*c. What is the tens digit of c?
8
Let i be -6 - (2 + -1 + -286). Let l = i + -145. What is the tens digit of l?
3
Let z(m) = 3*m - 21. Let n be z(9). What is the tens digit of n + 1 - (-14 + -3)?
2
Let r(v) = 350*v - 1. Let b(n) = -n**3 + 4*n**2 - 4*n + 17. Let o be b(4). What is the units digit of r(o)?
9
Suppose 5*d + 15 = -0*d. Let o(z) = -10*z**2 + 4*z + 7. Let l be o(d). Let t = l + 174. What is the units digit of t?
9
Let p(n) = n - 19. Let w be (-30 - 0)*30/(-45). Let x be p(w). Suppose -x + 561 = 5*g. What is the units digit of g?
2
Let n(d) = d**3 - 8*d**2 - 4*d + 23. Let q be n(9). Suppose 3*o - 665 = -5*i, 5*i = -o - q + 273. What is the units digit of o?
0
What is the ten thousands digit of 4/50 + 214731062/2350 - 8?
9
Let f(i) = i**2 - 14*i - 303. Let w be f(-12). What is the units digit of (0 + -12)/((-31)/w + 3)?
7
Suppose -5*h - 24833 = p, -24821 = -3*h + 8*h - 3*p. What is the units digit of h/(-13)*(-1)/6*-3?
1
Suppose -5*t + 36 = 16. Suppose 4*d - t*u - 712 = -0*u, -4*d + 2*u + 718 = 0. What is the units digit of d?
1
Let w(p) be the second derivative of -13*p**4/8 + p**3/3 - 19*p**2/2 - 12*p. Let u(j) be the first derivative of w(j). What is the units digit of u(-1)?
1
Let x(g) = -26*g**3 - 6*g**2 - 11*g - 6. Suppose 4*y + 12 = 3*q, -6*q + 6 = -2*y - 2*q. What is the hundreds digit of x(y)?
6
Let o = 25924 + -14734. What is the thousands digit of o?
1
Let s(v) = 3*v**2 + 34*v - 110. Let a be s(-30). Suppose 2*k + 8*k = a. What is the hundreds digit of k?
1
Let l be (-22)/(-8) + 120/(-160). What is the tens digit of (l + -3)/(11/(-2189))?
9
What is the thousands digit of 5827 - 6*(-5)/2?
5
Suppose -40*b + 43*b - 3*l - 66726 = -8*l, 0 = 2*l. What is the hundreds digit of b?
2
Let v(i) = i**3 - 4*i**2 - 6*i + 17. Let s be v(5). What is the hundreds digit of 2*-3 - (-376 - s)?
3
Suppose 102771 = 3*q + 2*v, 8*q + 12*v = 5*q + 102801. What is the hundreds digit of q?
2
Let h(v) = 25*v - 1. Let b be (16/56)/((-1)/(-21)). Let d be h(b). Suppose -c - 2*w = -2*c + 61, -2*c + d = 5*w. What is the units digit of c?
7
Let s(j) = j**3 + 2*j**2 + 7*j + 14162. What is the ten thousands digit of s(0)?
1
Suppose 4*j - 3*t - 21186 = -168, 0 = 5*t - 10. What is the thousands digit of j?
5
Suppose -20*o - 3*n = -18*o - 1621, -4*o = -2*n - 3282. Suppose o + 842 = 5*u. What is the units digit of u?
2
Let b(z) = 84*z + 106 - 34 - 41 - 32. Let m(g) = -g**2 - 5*g + 7. Let l be m(-6). What is the tens digit of b(l)?
8
Let l(d) = -6*d**3 - 4*d - 4. Let i be l(-2). Suppose -2*j = -4, 0 = i*b - 49*b - 2*j + 1. What is the units digit of b?
1
Suppose 10259 = 2*s + 3*o, 0 = 2*s + s + 4*o - 15387. Let d = -3621 + s. What is the units digit of d/30 + 2/(-15)?
0
Let x = 2120 - 3159. Let g = x + 2086. What is the hundreds digit of g?
0
Let a(n) = 85*n**2 - n - 7. Let h = -4 + 9. Let y(j) = 85*j**2 - j - 6. Let m(g) = h*y(g) - 4*a(g). What is the tens digit of m(-1)?
8
Suppose -2*u = -q - 2 - 9, -22 = 2*q - 3*u. Let g = q + 13. Suppose 20 = 4*y, 720 = 4*c - g*y - 262. What is the units digit of c?
8
Suppose -3*f = 2*c - 8*f - 41, f + 37 = 4*c. Let t be 3/6*(-2 - -3)*c. Suppose 3*b - 353 = t*l, 512 = 4*b + 8*l - 3*l. What is the hundreds digit of b?
1
Suppose -10 = -a + 3*x + 10, 0 = -4*a + 2*x + 30. Suppose 22 = a*i + 17. What is the units digit of (44/(-8))/(i/(-14))?
7
Let h(v) = v**3 + 5*v**2 - 6*v - 6. Let w be 1*(-5 + 3 + -2). Let r be h(w). Suppose r = 2*m - 22. What is the units digit of m?
8
Suppose 2*v - 2*d = 910, -2*v + 543 = -5*d - 379. What is the tens digit of v?
5
Suppose -28*h + 188037 + 466633 = 8542. What is the thousands digit of h?
3
Suppose -15 + 9 = f. What is the units digit of 3036/9 + (-4)/f?
8
Let s = 6801 + 12756. What is the thousands digit of s?
9
Let i(b) = 3*b**2 + 13*b - 30. Let k be i(4). Let d = k - 17. What is the tens digit of d?
5
Let g(w) = -w**3 + 8*w**2 + 2. Suppose 11*j - 8 = 7*j. Suppose 46 = -2*c + 7*c - j*p, p = -c + 5. What is the units digit of g(c)?
2
Let q(h) = -h**3 + 6*h**2 + 38*h - 33. Let j be q(-10). Suppose j = 4*a + 5*c - 2410, -a = -5*c - 868. What is the units digit of a?
3
Let i = 442 + -437. Suppose -i*n = -5*o - 1155, 2*n - 3*o = 5*n - 687. What is the units digit of n?
0
Let b = -33853 - -47452. What is the hundreds digit of b?
5
Let o be 33/396 - (-430)/24. Suppose -14*z = -o*z + 7812. What is the tens digit of z?
5
Let q = 1738 - 1768. Let g = 10 + -17. What is the units digit of g + 6 + (0 - 1*q)?
9
Suppose -4*k + 194 = 2*b, 4*b = k + b - 59. Let v(f) = -28*f - 1. Let z be v(-2). Suppose -z*j + k*j = -210. What is the units digit of j?
2
Let q = -39569 + 55644. What is the ten thousands digit of q?
1
Let r = -31 + 221. Let c = r + 148. What is the units digit of c?
8
Suppose 0 = 4*a - 8, -5*v + 5*a = -184910 - 59320. What is the tens digit of v?
4
Let h(s) = -3*s**2 - 4. Let y be h(-2). Let u(l) = -l**3 - 18*l**2 - 15*l - 44. Let p be u(y). Let f = p + 611. What is the units digit of f?
5
Let r = -7513 + 14187. What is the hundreds digit of r?
6
Let x(i) = -113*i**3 + 40 + 2*i + 2*i**2 + 0*i**2 - 39 - 59*i**3. What is the hundreds digit of x(-1)?
1
Let y = 87465 - 37441. What is the hundreds digit of y?
0
Suppose 2*h + 14 = -2*a, -14 = -2*a + 4*h + 2. What is the units digit of 28/(-8) - 3729/a?
1
Let j(d) be the second derivative of -115*d**3/6 + 28*d**2 - 118*d. What is the tens digit of j(-5)?
3
Let v(c) = 2*c + 15. Let d be v(-6). Suppose 20 = 5*g - g, -d*t = g - 8. Let l(f) = 87*f**2 + f - 2. What is the tens digit of l(t)?
8
Let s(y) = 2*y + 112. Let w be s(-17). What is the units digit of (6 + w/(-12))*-206?
3
Let v(d) = -6*d**3 - 55*d**2 - 19*d + 45. Let u(j) = 3*j**3 + 27*j**2 + 10*j - 22. Let m(l) = -13*u(l) - 6*v(l). What is the un